{"id":1299,"date":"2022-05-03T11:58:24","date_gmt":"2022-05-03T16:58:24","guid":{"rendered":"https:\/\/statmet.com.co\/academia\/?post_type=product&#038;p=1299"},"modified":"2025-04-12T08:30:55","modified_gmt":"2025-04-12T13:30:55","slug":"calibracion-de-humedad-y-temperatura","status":"publish","type":"product","link":"https:\/\/statmet.com.co\/academia\/index.php\/producto\/calibracion-de-humedad-y-temperatura\/","title":{"rendered":"Calibraci\u00f3n de Humedad y Temperatura"},"content":{"rendered":"<p>Capacitaci\u00f3n b\u00e1sica de conceptos, incertidumbres y m\u00e9todos enfocados en medidores de ambiente<\/p>\n","protected":false},"excerpt":{"rendered":"<p>Capacitaci\u00f3n de calibraci\u00f3n de\u00a0 Termohigr\u00f3metros<\/p>\n","protected":false},"featured_media":1272,"comment_status":"open","ping_status":"closed","template":"","meta":[],"product_cat":[16],"product_tag":[],"_links":{"self":[{"href":"https:\/\/statmet.com.co\/academia\/index.php\/wp-json\/wp\/v2\/product\/1299"}],"collection":[{"href":"https:\/\/statmet.com.co\/academia\/index.php\/wp-json\/wp\/v2\/product"}],"about":[{"href":"https:\/\/statmet.com.co\/academia\/index.php\/wp-json\/wp\/v2\/types\/product"}],"replies":[{"embeddable":true,"href":"https:\/\/statmet.com.co\/academia\/index.php\/wp-json\/wp\/v2\/comments?post=1299"}],"wp:featuredmedia":[{"embeddable":true,"href":"https:\/\/statmet.com.co\/academia\/index.php\/wp-json\/wp\/v2\/media\/1272"}],"wp:attachment":[{"href":"https:\/\/statmet.com.co\/academia\/index.php\/wp-json\/wp\/v2\/media?parent=1299"}],"wp:term":[{"taxonomy":"product_cat","embeddable":true,"href":"https:\/\/statmet.com.co\/academia\/index.php\/wp-json\/wp\/v2\/product_cat?post=1299"},{"taxonomy":"product_tag","embeddable":true,"href":"https:\/\/statmet.com.co\/academia\/index.php\/wp-json\/wp\/v2\/product_tag?post=1299"}],"curies":[{"name":"wp","href":"https:\/\/api.w.org\/{rel}","templated":true}]}}