{"id":1345,"date":"2022-05-03T16:36:11","date_gmt":"2022-05-03T21:36:11","guid":{"rendered":"https:\/\/statmet.com.co\/academia\/?post_type=product&#038;p=1345"},"modified":"2022-05-03T16:36:11","modified_gmt":"2022-05-03T21:36:11","slug":"caracterizacion-de-medios","status":"publish","type":"product","link":"https:\/\/statmet.com.co\/academia\/index.php\/producto\/caracterizacion-de-medios\/","title":{"rendered":"Caracterizaci\u00f3n de Medios"},"content":{"rendered":"<p>Conceptos B\u00e1sicos para la caracterizaci\u00f3n de medios en temperatura y humedad<\/p>\n","protected":false},"excerpt":{"rendered":"<p>Caracterizaci\u00f3n de medios en Temperatura y humedad<\/p>\n","protected":false},"featured_media":813,"comment_status":"open","ping_status":"closed","template":"","meta":[],"product_cat":[16],"product_tag":[],"_links":{"self":[{"href":"https:\/\/statmet.com.co\/academia\/index.php\/wp-json\/wp\/v2\/product\/1345"}],"collection":[{"href":"https:\/\/statmet.com.co\/academia\/index.php\/wp-json\/wp\/v2\/product"}],"about":[{"href":"https:\/\/statmet.com.co\/academia\/index.php\/wp-json\/wp\/v2\/types\/product"}],"replies":[{"embeddable":true,"href":"https:\/\/statmet.com.co\/academia\/index.php\/wp-json\/wp\/v2\/comments?post=1345"}],"wp:featuredmedia":[{"embeddable":true,"href":"https:\/\/statmet.com.co\/academia\/index.php\/wp-json\/wp\/v2\/media\/813"}],"wp:attachment":[{"href":"https:\/\/statmet.com.co\/academia\/index.php\/wp-json\/wp\/v2\/media?parent=1345"}],"wp:term":[{"taxonomy":"product_cat","embeddable":true,"href":"https:\/\/statmet.com.co\/academia\/index.php\/wp-json\/wp\/v2\/product_cat?post=1345"},{"taxonomy":"product_tag","embeddable":true,"href":"https:\/\/statmet.com.co\/academia\/index.php\/wp-json\/wp\/v2\/product_tag?post=1345"}],"curies":[{"name":"wp","href":"https:\/\/api.w.org\/{rel}","templated":true}]}}