{"id":490,"date":"2021-08-23T21:56:26","date_gmt":"2021-08-24T02:56:26","guid":{"rendered":"https:\/\/statmet.com.co\/academia\/?post_type=product&#038;p=490"},"modified":"2021-09-02T23:01:17","modified_gmt":"2021-09-03T04:01:17","slug":"metrologia-basica","status":"publish","type":"product","link":"https:\/\/statmet.com.co\/academia\/index.php\/producto\/metrologia-basica\/","title":{"rendered":"Metrolog\u00eda B\u00e1sica"},"content":{"rendered":"<p>Descripci\u00f3n larga del producto<\/p>\n","protected":false},"excerpt":{"rendered":"<p>descripci\u00f3n corta<\/p>\n","protected":false},"featured_media":479,"comment_status":"open","ping_status":"closed","template":"","meta":[],"product_cat":[16],"product_tag":[],"_links":{"self":[{"href":"https:\/\/statmet.com.co\/academia\/index.php\/wp-json\/wp\/v2\/product\/490"}],"collection":[{"href":"https:\/\/statmet.com.co\/academia\/index.php\/wp-json\/wp\/v2\/product"}],"about":[{"href":"https:\/\/statmet.com.co\/academia\/index.php\/wp-json\/wp\/v2\/types\/product"}],"replies":[{"embeddable":true,"href":"https:\/\/statmet.com.co\/academia\/index.php\/wp-json\/wp\/v2\/comments?post=490"}],"wp:featuredmedia":[{"embeddable":true,"href":"https:\/\/statmet.com.co\/academia\/index.php\/wp-json\/wp\/v2\/media\/479"}],"wp:attachment":[{"href":"https:\/\/statmet.com.co\/academia\/index.php\/wp-json\/wp\/v2\/media?parent=490"}],"wp:term":[{"taxonomy":"product_cat","embeddable":true,"href":"https:\/\/statmet.com.co\/academia\/index.php\/wp-json\/wp\/v2\/product_cat?post=490"},{"taxonomy":"product_tag","embeddable":true,"href":"https:\/\/statmet.com.co\/academia\/index.php\/wp-json\/wp\/v2\/product_tag?post=490"}],"curies":[{"name":"wp","href":"https:\/\/api.w.org\/{rel}","templated":true}]}}